. Let q(l) = -l**3 + l**2 + 2*l - 2. What is q(r)?
-2
Let b(j) = -2*j - 24. Let c(z) = -z - 12. Let u(g) = 2*b(g) - 5*c(g). Calculate u(-7).
5
Let g be 0 - (-22 - 2/(-1)). Let p be 6/(1 - g/8). Let z(y) = y. What is z(p)?
-4
Let a(x) = -8*x + 6. Let p(m) = -7*m + 7. Let h(g) = -2*a(g) + 3*p(g). Let o = -83 - -86. Let w(d) = -2*d + 4. Let i(v) = o*h(v) - 7*w(v). Give i(-1).
0
Let h(z) be the third derivative of z**4/4 - 108*z**2. Determine h(1).
6
Let l(m) be the first derivative of -1 + 1/3*m**3 - 4*m - 5/2*m**2. Calculate l(6).
2
Let c(q) = -11*q**3 + 22*q**2 - 3*q - 2. Let p(k) = -7*k**3 + 14*k**2 - 2*k - 1. Let i(t) = -5*c(t) + 8*p(t). Calculate i(2).
0
Let x(l) be the second derivative of -11*l**5/120 - l**3/3 - l. Let a(k) be the second derivative of x(k). Let z = 1539 - 1540. Give a(z).
11
Suppose -3*n - 1 = -i + 2, -2*i + 3*n = -6. Suppose i*k = 2*k + 5. Let r(u) = -8*u - 12 + 8*u + u. Calculate r(k).
-7
Let p(k) be the third derivative of k**5/30 + k**4/6 - k**3/3 - k**2. Let j = -115 + 141. Let o = 22 - j. Calculate p(o).
14
Suppose -r + o + 39 = 0, 7*r - 2*o - 180 = 2*r. Suppose -4*m - 5*s + 0*s = -252, -2*m + 100 = -4*s. Let z(q) = -r*q - 32*q + m*q. Calculate z(2).
-16
Let m(d) = -2*d - 3. Let v = 163 + -162. What is m(v)?
-5
Let q(s) = 7*s**2 - s + 3. Let x be q(2). Suppose 8 = 7*t + x. Let l(u) = 4*u - 2. Calculate l(t).
-14
Let l(c) be the second derivative of c**4/12 + 2*c**3/3 + 3*c. Let n be l(-4). Let g(s) be the second derivative of -s**3/6 - 9*s**2/2 - 7*s. Determine g(n).
-9
Let c be 3/2*32/24. Let w(v) = -117*v**2 + 59*v**2 + 9 + 4*v + 57*v**c. Calculate w(7).
-12
Let j(u) = -5*u**3 - 1. Let d = -4 + 14. Let x = d - 11. Calculate j(x).
4
Let h(y) be the first derivative of -2*y**3/3 - 5*y**2/2 + 5*y - 351. What is h(4)?
-47
Let b(j) be the first derivative of 6*j**2 - 6*j - 226. What is b(1)?
6
Let w(o) be the first derivative of -o**4/4 + 4*o**3/3 + 7*o**2/2 - 5*o - 241. Calculate w(5).
5
Let z = -29 - -31. Let u(n) = n**z - 3 + 19*n - 43*n + 28*n. Calculate u(-6).
9
Let u(s) = -3*s - 2. Let g be -5*3/(-35)*-7. Let i(x) = -x - 1. Let z(v) = 3*v. Let q(h) = 6*i(h) - z(h). Let b(r) = g*q(r) + 8*u(r). Determine b(-3).
-7
Let z(p) = -p**2 - 7*p - 5. Suppose -44*t - 236 = 15*t. What is z(t)?
7
Suppose -13*y + 9*y = -16. Suppose -3*f = -5*z + 11, -2*z + y = -0*f - f. Let n(i) = -2*i**2 + i - 1. Determine n(z).
-2
Let a(q) = -1288*q + 2 + 1 - q**2 + 1295*q. Let k = 19 + -12. Give a(k).
3
Let l = -13 - -16. Let h(c) = l*c + 3*c + c + 7 - 8. Let k be 5/(-30) + (-14)/(-12). What is h(k)?
6
Let z(r) = 3*r + r - 3*r - 2. Let f(c) = c**3 + 1. Let h(v) = 2*f(v) + z(v). Let y be h(1). Let g(l) = -2*l + 2. Determine g(y).
-4
Let f(w) be the first derivative of 0*w - 1/4*w**4 - 1/360*w**6 + 9 + 1/30*w**5 + 5/3*w**3 + 0*w**2. Let k(s) be the third derivative of f(s). Calculate k(4).
-6
Suppose -4 = 2*w - 4*w. Let y(z) = w - z**3 + z**3 - 6*z**2 + z**3 - 2*z + 8*z. Calculate y(5).
7
Let h = -8 + 5. Suppose -12 = -5*f + 3. Let p(s) = 2 - f*s + 3*s - 3*s - 2*s**2 + s**2. What is p(h)?
2
Let g(q) be the second derivative of -q**7/2520 + q**5/60 + 19*q**4/12 - 6*q. Let f(n) be the third derivative of g(n). What is f(3)?
-7
Let p(a) = -2*a**2 + 4*a - 8. Let m(u) = 3*u**2 - 7*u + 14. Let v(x) = -3*m(x) - 5*p(x). Let k be 7 - (-2 + 1 + 3). Suppose k*c = -0*c. Give v(c).
-2
Let m(y) = 13*y + 15. Let s(h) = 11*h + 14. Let l(p) = -6*m(p) + 7*s(p). Determine l(3).
5
Let h(s) = 13*s + 74 + 2*s - 22 - 4*s. Let y be h(-5). Let q(o) be the third derivative of -o**4/8 - o**3/2 - o**2. What is q(y)?
6
Suppose -84 = -y - 13*y. Let l(u) = 6*u - 14. Determine l(y).
22
Suppose 25*i + 9 = x + 28*i, -x = -i + 3. Let c(f) be the second derivative of -2*f - 1/2*f**2 + 1/6*f**3 + 0. Determine c(x).
-1
Let f(o) = -2*o + 6. Let p = 250 + -248. What is f(p)?
2
Let l(i) = -2*i**2 - 7*i + 12. Let t(s) = -3*s**2 - 19. Let a(b) = 4*b**2 + b + 20. Let c(k) = -6*a(k) - 7*t(k). Let n(x) = 3*c(x) - 4*l(x). What is n(6)?
15
Let j(l) be the third derivative of l**5/60 - 5*l**4/24 + 7*l**3/6 + l**2. Let v be (3/((-3)/29))/(-1). Suppose -t + 2*a - 5 = 0, t - 1 = -5*a + v. Give j(t).
7
Suppose c + x = -3, 4*c - 27*x + 25*x = -18. Let d(o) = 7*o - 2. Give d(c).
-30
Let k(b) = -b**3 - 5*b**2 + 8*b + 7. Let y(l) = 6*l - 27. Let x be y(9). Suppose -x*v + 30 = -32*v. What is k(v)?
-5
Suppose 4*r - 4*d - 4 = 8, 0 = r - 2*d - 3. Suppose -l + 4*c = 6, -10 = -4*l - 4*c + r*c. Let s(n) = -n**3 + 3 + 6*n**l - 3 + 3 - 2*n. Calculate s(6).
-9
Let t(w) = w + 2. Let f be t(6). Suppose -16 = x - 5*v, -5*v = -3*v - f. Let q(s) = 0 - x + s - s**2 + 16. What is q(0)?
12
Let d(r) be the first derivative of -r**3/3 - 3*r**2 + r + 78. Calculate d(-6).
1
Let y(u) = -5*u**2 + 18*u + 14. Let s(t) = -t + 1. Let k(z) = -2*s(z) - y(z). Let o(v) = 3*v**2 - 11*v - 11. Let r(b) = 5*k(b) - 8*o(b). Determine r(-7).
1
Suppose 0 = 3*y + 401 - 113. Let v be y/36 + 4/6. Let z(r) be the first derivative of r**3/3 + r**2 - r + 8. Give z(v).
-1
Let l(k) be the first derivative of -k**6/120 - k**4/24 - 5*k**3/6 - 6*k**2 - 5. Let c(v) be the second derivative of l(v). Calculate c(0).
-5
Let u(k) = -k**2 + 5*k + 1. Let f = -15 + 19. Suppose 0*x - 89 = -5*b - f*x, 2*b + 2*x = 36. Let z = b - 13. Give u(z).
5
Let y(w) = -60 - w - 84 + 139. Give y(-12).
7
Let h(v) be the third derivative of 0*v**5 + 1/120*v**6 + 1/3*v**3 - 1/24*v**4 + 46*v**2 + 0 + 0*v. What is h(-2)?
-4
Let w(z) be the third derivative of z**6/120 - 13*z**5/60 + z**4/2 - 7*z**3/6 - 182*z**2. Determine w(12).
-7
Let s(r) = -r**3 + 4*r**2 + 4*r - 1. Let g = -261 - -265. Determine s(g).
15
Let l = 26 - 21. Let y(b) = -28*b - 1. Let i(r) = 364*r + 14. Let j(k) = 6*i(k) + 77*y(k). Let o(z) = -19*z - 5. Let w(q) = l*j(q) + 7*o(q). What is w(1)?
7
Let t be (-100)/3 - 6/9. Let q = t + 59. Suppose 6*s = s - q. Let c(p) = -p**3 - 6*p**2 - 5*p - 2. Give c(s).
-2
Let f(w) be the first derivative of -2*w**3/3 + 5*w**2/2 - 3*w - 352. Give f(3).
-6
Let q(g) be the first derivative of -2 + 1/3*g**3 + 3*g - 3*g**2. What is q(5)?
-2
Let x(y) = -8 - 109*y**3 + 35*y**3 + 35*y**3 + 5*y**2 - 13*y + 40*y**3. Determine x(-7).
-15
Let y(h) = -h**2 - 9*h - 3. Suppose -18 = -v - 5*x, -4*x = -v + x + 38. Suppose -4*g + 3*i = -i + v, -5*i = -4*g - 28. Give y(g).
11
Let c be (-1)/2*(-5 - -3)*4. Let h be (-1)/(-2*1/c). Let q(n) = -n - 1. Calculate q(h).
-3
Suppose 44*m - 132 = 32*m. Let k(h) = 2*h**2 - 22*h - 1. What is k(m)?
-1
Let g(v) = -12*v - 93. Let d be g(-8). Let a(r) be the third derivative of -8*r**2 + 1/6*r**d + 0 - 1/6*r**4 + 0*r + 1/60*r**5. Determine a(6).
13
Suppose 0 = -4*t + 3*w + 39, 3*t - 2*w = -5*w + 3. Let n(v) = -v**2 + 7*v + 6. Calculate n(t).
12
Let f(o) = o**2. Let q(g) = -g**3 - 4*g - 3. Let m(a) = -6*f(a) + q(a). Let j = -11 - -6. Calculate m(j).
-8
Let h be 1*(-1)/2*-6. Suppose -9 = -5*k - 4*m, -4*k + 4*m + 32 + 4 = 0. Suppose -4*a - w + 4 = -k*a, 0 = -4*a + h*w - 17. Let y(j) = -j + 2. Give y(a).
7
Suppose 0 = -11*w - 27*w + 228. Let v = 1 - 0. Let y(d) = 2*d + 3*d + v - 6*d. Give y(w).
-5
Let w(h) = 3*h - 12. Let v(i) = -i + 1. Let k(j) = -5*v(j) - w(j). Let b = -13 + 8. Give k(b).
-3
Let x(w) = -w. Let s be x(-4). Let b(y) = y**2 - 13*y + 27. Let c be b(10). Let v = s + c. Let i(u) = 2*u**2 - u + 1. Calculate i(v).
2
Let i(u) = u + 1. Let g be i(4). Let x(j) = -6 - j - j + g*j. Suppose -2*l + h = -10, 0 = -25*l + 20*l + 4*h + 22. What is x(l)?
12
Let p be 0/(0 + -2) + -1. Let g(r) = -3*r**2 + r - 3. Let a(s) = -1. Let q(o) = p*g(o) + 4*a(o). Let v be (-2)/8 + (-3)/4. Give q(v).
3
Let c(u) be the first derivative of -u**4/12 + u**3/6 + u**2/2 + 6*u - 7. Let a(q) be the first derivative of c(q). Suppose -2*z + 5 = -7*z. Give a(z).
-1
Let m(f) be the second derivative of 2*f**2 - 5/6*f**3 + 0 - 6*f - 1/24*f**4. Let g(l) be the first derivative of m(l). What is g(4)?
-9
Let a = 70 - 47. Let k(l) = 1 + a*l - 6*l - 9*l. Give k(-1).
-7
Let h(t) = -6 - 2*t**2 - 12 + 10 - 10*t. What is h(-6)?
-20
Let m(j) = j**2 + 9*j - 10. Suppose 20 = -5*n - q - 18, -3*n - q - 22 = 0. Give m(n).
-18
Let u(c) = c**2 - c - 6. Let b be u(5). Let p = b - 8. Let t(g) = g**2 - 6*g + 4. Determine t(p).
4
Suppose 2*o - 13 = -2*j - 21, 5*o = 3*j - 20. Let s(l) = 9*l - 2. Determine s(o